ulate the greatest common divisor of 581784522 and 1254.
1254
Calculate the greatest common divisor of 367542924 and 68222.
6202
What is the highest common factor of 7895 and 7195?
5
What is the greatest common factor of 22058108 and 26064?
724
Calculate the highest common divisor of 611591744 and 64.
64
What is the highest common divisor of 53311 and 96387?
89
What is the highest common divisor of 213 and 3173629?
71
What is the highest common divisor of 8105074 and 62?
62
What is the greatest common divisor of 561 and 15119698?
187
What is the highest common factor of 152 and 327266526?
38
Calculate the greatest common divisor of 37275 and 2461641.
1491
Calculate the highest common divisor of 212041452 and 252.
84
Calculate the highest common factor of 188390444 and 66.
22
What is the highest common divisor of 1024315 and 35?
5
Calculate the highest common factor of 9632 and 55916.
28
Calculate the greatest common divisor of 107147 and 46201.
983
What is the highest common factor of 16270573 and 1562?
781
Calculate the highest common factor of 24217 and 1026203.
61
Calculate the highest common divisor of 50 and 552840.
10
What is the greatest common factor of 855576 and 13048?
1864
Calculate the greatest common divisor of 97824980 and 40480.
5060
What is the highest common factor of 3663 and 10706949?
3663
What is the greatest common factor of 1953 and 10550106?
1953
What is the highest common divisor of 1010840 and 925?
185
What is the greatest common divisor of 6291 and 1394971?
233
Calculate the highest common factor of 5776331 and 21098.
1507
What is the highest common factor of 144 and 47723376?
48
Calculate the greatest common factor of 196353760 and 29824.
7456
What is the greatest common factor of 76 and 891119152?
76
What is the highest common factor of 13357 and 1597919?
703
What is the greatest common factor of 20 and 30526310?
10
Calculate the greatest common divisor of 33936 and 1811040.
336
What is the greatest common factor of 285 and 81980706?
57
What is the greatest common divisor of 7365 and 4564827?
1473
Calculate the greatest common divisor of 6176536 and 38454.
58
What is the highest common divisor of 22638 and 42438?
66
What is the highest common divisor of 1476 and 94392824?
164
Calculate the greatest common divisor of 4 and 8468396.
4
Calculate the highest common factor of 11445696 and 11408.
496
Calculate the greatest common factor of 7748672 and 48.
16
Calculate the highest common factor of 62069831 and 348.
29
What is the highest common factor of 2829 and 1921875?
123
What is the highest common factor of 33291036 and 144?
36
What is the highest common divisor of 298006 and 554156?
218
Calculate the highest common factor of 54432 and 28168.
56
Calculate the highest common factor of 542724668 and 12.
4
What is the greatest common factor of 1053053 and 24743?
227
What is the highest common divisor of 893991 and 1743?
21
What is the greatest common divisor of 59364 and 324?
36
What is the highest common divisor of 98840 and 1020170?
3530
Calculate the greatest common factor of 140530 and 786370.
2990
Calculate the greatest common divisor of 2778600 and 1738000.
2200
What is the highest common divisor of 2080 and 2099695?
65
What is the highest common factor of 29 and 342297904?
29
Calculate the highest common factor of 147510980 and 20.
20
What is the highest common divisor of 27316380 and 532?
28
What is the highest common divisor of 9230112 and 11988?
324
Calculate the highest common factor of 365 and 877549060.
365
Calculate the greatest common divisor of 160430 and 6830.
10
Calculate the greatest common divisor of 367 and 4231.
1
What is the highest common factor of 179120585 and 1505?
1505
Calculate the highest common factor of 12635793 and 261.
261
What is the highest common factor of 595 and 223192235?
595
What is the greatest common divisor of 33372 and 116837844?
1236
What is the highest common divisor of 193623332 and 14?
14
Calculate the greatest common factor of 1386 and 79182279.
99
What is the highest common factor of 12 and 236281920?
12
Calculate the highest common divisor of 76054782 and 402.
402
What is the greatest common divisor of 123 and 41158957?
41
What is the greatest common factor of 61936126 and 112?
14
Calculate the highest common divisor of 1176 and 5617164.
588
What is the greatest common factor of 1344074329 and 689?
689
Calculate the greatest common divisor of 279702 and 1558.
82
What is the highest common factor of 320523903 and 126?
63
Calculate the greatest common divisor of 169634 and 28836.
178
Calculate the highest common divisor of 4847841 and 117.
9
Calculate the greatest common factor of 71280484 and 5608.
2804
Calculate the highest common factor of 856 and 662968.
8
What is the greatest common divisor of 2274056 and 131376?
3128
Calculate the greatest common divisor of 92291134 and 598.
598
What is the highest common factor of 59 and 5366532620?
59
Calculate the highest common divisor of 39 and 13718289.
39
Calculate the greatest common factor of 1908759 and 57.
57
Calculate the greatest common factor of 1508 and 23221640.
52
What is the greatest common divisor of 56 and 12382424?
8
Calculate the greatest common divisor of 7 and 153055399.
7
Calculate the greatest common factor of 2263318 and 190.
38
Calculate the greatest common divisor of 1215 and 969084.
243
What is the greatest common divisor of 47380 and 2124970?
230
What is the highest common factor of 162 and 10349982?
18
Calculate the highest common factor of 1355161 and 24415.
257
What is the greatest common factor of 527027 and 2932?
733
What is the greatest common factor of 64837950 and 6905?
6905
Calculate the greatest common divisor of 6061 and 713894885.
6061
What is the greatest common divisor of 2829591 and 36?
9
Calculate the greatest common factor of 1404356395 and 5330.
2665
What is the greatest common factor of 14581607 and 5871?
1957
Calculate the highest common divisor of 10116736 and 1288.
56
Calculate the greatest common divisor of 209501 and 12639.
383
Calculate the greatest common divisor of 17978 and 6961324.
202
Calculate the greatest common factor of 70 and 1171195.
5
Calculate the highest common divisor of 47595 and 232332.
57
Calculate the greatest common factor of 569268 and 3940951.
1757
What is the greatest common factor of 2420 and 9019340?
2420
What is the greatest common factor of 110 and 333440?
10
What is the highest common factor of 8448 and 46407936?
768
What is the greatest common divisor of 147450 and 86901132?
5898
Calculate the highest common divisor of 3 and 7391117.
1
What is the highest common factor of 52699 and 685436?
349
What is the greatest common divisor of 640262 and 1769?
29
Calculate the highest common factor of 3413 and 197056381.
3413
What is the highest common factor of 384 and 1175936?
128
Calculate the greatest common factor of 261095 and 756845.
3305
Calculate the greatest common factor of 642130 and 51840.
10
Calculate the highest common divisor of 1205022 and 119028.
546
Calculate the greatest common factor of 4 and 109667654.
2
Calculate the greatest common divisor of 774371 and 1716.
13
Calculate the greatest common factor of 4043734175 and 325.
325
Calculate the greatest common factor of 134 and 177616.
2
What is the highest common divisor of 5 and 2482872?
1
Calculate the greatest common divisor of 8855589 and 9755.
1951
What is the highest common factor of 1056 and 13813008?
528
Calculate the greatest common factor of 47 and 1463396747.
47
What is the greatest common divisor of 259333 and 650719?
1591
What is the greatest common divisor of 1350 and 163321974?
54
What is the highest common factor of 272072 and 65144?
3832
What is the highest common divisor of 24852842 and 28?
14
What is the highest common divisor of 30 and 17690420?
10
Calculate the highest common factor of 42348 and 22062.
6
Calculate the greatest common divisor of 133313556 and 22416.
5604
Calculate the greatest common factor of 17422 and 201655.
31
Calculate the highest common factor of 12488 and 1137696.
56
Calculate the highest common divisor of 168739 and 3578080.
2033
Calculate the highest common factor of 488 and 132064.
8
Calculate the greatest common factor of 23584 and 20394.
2